 be (35/42)/(2/24). Let q = 9 + 2. Let g = q - 6. What is the highest common factor of h and g?
5
Suppose -x + 2*l - 2 = 0, 5*x - 2*l = -0*x - 50. Let c be 16 + 2 + (-12)/x. What is the greatest common factor of c and 19?
19
Let i be (-154)/(-44)*18/21. What is the highest common factor of 8 and i?
1
Suppose 8 = 2*b + 5*s, 2*b = -15*s + 19*s + 8. Calculate the highest common factor of 84 and b.
4
Let a = 79 + 33. Let f be -3*(64/(-3))/4. What is the greatest common factor of f and a?
16
Suppose -59*p = -16*p - 2408. What is the greatest common factor of p and 84?
28
Suppose -503 = -8*q + 641. Calculate the greatest common divisor of q and 11.
11
Suppose 4*x = -5*z - 1 + 36, 2*z + 4*x = 14. What is the highest common factor of 63 and z?
7
Suppose -266 = 28*v - 14*v. Suppose 13 = 5*h - 0*z - 2*z, -3*z + 15 = 4*h. Let n be h*v/(-6)*2. What is the greatest common factor of n and 171?
19
Suppose -15*r + 67 = -233. What is the highest common factor of 8 and r?
4
Let w(h) = -h**3 + 6*h**2 + 2*h + 5. Let b be w(5). Let g be -14 + 2 + 0 - -17. Calculate the greatest common divisor of g and b.
5
Let s(q) be the third derivative of 0*q + 2/3*q**3 - 2*q**2 - 1/24*q**4 + 0. Let w be s(-4). Calculate the highest common divisor of w and 2.
2
Suppose q + 7 - 24 = 0. What is the greatest common factor of q and 340?
17
Suppose 5*i + 5*p = 245, 5*i + 4*p - 3*p - 257 = 0. Calculate the greatest common divisor of 13 and i.
13
Let q = -33 - -36. Suppose 3*a - 22 = -5*j, 4*j + q - 15 = -a. Let n be 6/18 - (-190)/6. Calculate the greatest common factor of a and n.
4
Let z(p) = -2*p**3 + 52*p**2 + 10*p - 4. Let h be z(26). What is the highest common divisor of 8 and h?
8
Let j = -44 - -209. Suppose -4*o + 5*a + j = 6*a, 45 = o + a. Calculate the highest common divisor of o and 100.
20
Let f = -56 + 180. Calculate the greatest common divisor of 31 and f.
31
Let g be ((-8)/6 - 0)*-3. Suppose 5*j - j = 48. Suppose -q - j = -2*q. Calculate the greatest common divisor of g and q.
4
Let g(q) = -q**3 - 14*q**2 - 14*q. Let a be g(-13). Let n = -307 + 476. Calculate the highest common divisor of a and n.
13
Suppose -59 = -3*k + 481. Suppose 10*j = 8*j + k. Calculate the highest common factor of 10 and j.
10
Suppose 0*y = y - 12. Let u be 16/(-48)*18*-1. Suppose -2*l + u*l = y. Calculate the highest common divisor of l and 27.
3
Suppose -4*j = 212 - 564. Suppose -3*p - 2*l + 17 = -37, -5*p = 4*l - j. What is the greatest common divisor of p and 30?
10
Let w(q) = q**2 - 9*q + 13. Let z be w(10). Let i = 52 + z. Let p be 8/5*i/6. What is the highest common divisor of 40 and p?
20
Let n(l) = -20*l - 2*l**2 + 1 + 3*l**2 + 19*l. Let t be n(-1). Suppose t*z - 5*z = -36. What is the highest common factor of z and 27?
9
Let r(i) = i - 1. Let a be r(11). Let p(x) = x**2 - 9*x - 3. Let b be p(a). Suppose -b*f + 36 = -f. Calculate the greatest common divisor of 6 and f.
6
Let g = 118 + -62. Suppose 75 = 2*i - 93. Calculate the greatest common factor of i and g.
28
Suppose -3*r + 18 = -54. Suppose -4 = 2*l, -5*l = 4*h - r - 10. Suppose -5*v + 24 = 3*d, -v = 4*d - h - 4. Calculate the highest common divisor of d and 3.
3
Let d = 35 - 34. Let m be d*-15*(-24)/18. Let q = 59 + -29. What is the highest common divisor of q and m?
10
Let m be (45/6)/5*108. Suppose 5*l + m = 8*l. Calculate the highest common divisor of l and 6.
6
Suppose 18 + 2 = 5*u. Suppose -8 = -u*f - 0. Let k be 6 + (1 - 1) + -1. What is the highest common factor of f and k?
1
Let o = -360 - -645. Let r(v) = -6*v**3 + 18*v**2 + 33*v + 3. Let i be r(-2). Calculate the highest common divisor of o and i.
57
Suppose 24933 = 89*t - 17520. Calculate the greatest common divisor of 18 and t.
9
Let k be (36/28 - 2/7) + 11. Suppose 7*s + 20 = k*s. What is the highest common divisor of s and 4?
4
Let c(a) = -a**2 - 11*a - 6. Let j(x) = -x - 13. Let q be j(-6). Let s be c(q). Let i be 4/s - 62/(-22). Calculate the highest common factor of i and 15.
3
Let h = 1888 - 1800. Calculate the highest common divisor of 216 and h.
8
Suppose 0 = -5*n - 18 + 143. Suppose 5 = -2*u + 5*f, -3*u + 187*f = 186*f - 12. Calculate the greatest common factor of n and u.
5
Suppose 0 = -3*l + 6*l. Suppose l*n = -2*n + 10. What is the greatest common divisor of 15 and n?
5
Let z be 60/16 + (-6)/(-24). Suppose 12*h - 1120 = z*h. Calculate the highest common factor of 28 and h.
28
Let i be -7*((-23518)/77 + -10). What is the highest common divisor of i and 69?
69
Let s be 1 - (-730)/4 - 1/(-2). Calculate the highest common divisor of s and 23.
23
Let j = -6 + 22. Let d = 45 + j. Let i be -1 + d + (3 - 6). What is the highest common factor of 19 and i?
19
Let l(y) = -y**3 + 5*y**2 + 6*y - 1. Let p be l(6). Let r be 30*(2/(-8))/((-2)/(-4)). Let z be (-6)/(p - r/18). What is the highest common divisor of z and 54?
18
Let n(t) be the third derivative of -t**4/8 + t**3 - 2*t**2. Suppose -3*i = 11 + 7. Let y be n(i). Calculate the highest common divisor of y and 16.
8
Let t = -1627 + 1675. Suppose -4*h + h = -360. Calculate the highest common divisor of h and t.
24
Suppose 0 = -4*c + 3*c - 4*d + 48, d = -4*c + 132. Suppose -c = z - 3*z. Suppose 0 = -3*x - 1 + z. Calculate the greatest common divisor of x and 1.
1
Suppose 0*z + 4*z + g = 85, 125 = 5*z + 5*g. Let w be (-5)/z*(-27 + -1). Let u(b) = 6*b - 18. Let c be u(w). What is the highest common divisor of c and 6?
6
Let i(s) = s - 2. Let y be i(5). Suppose -2*a = -2*t + 4*t - 6, -4*t = -2*a - 6. Let v be a/3 + (-132)/(-9). What is the greatest common divisor of v and y?
3
Let l = 14 - 3. Let c be 2/l - 60/(-33). Let t be ((-4)/(-3))/((96/18)/8). Calculate the highest common factor of t and c.
2
Let q be -4 + 78 + -3 + 1. Suppose 0 = -3*v + 7*v - 8. Suppose -3*c - v*c - 38 = -2*f, 5*f - 3*c = 57. Calculate the highest common factor of q and f.
9
Suppose -17*l = -2*l - 630. What is the highest common divisor of 105 and l?
21
Suppose -4*y = -2*w + 656, -2*w - 2*y + 4*y = -650. Let i = -3114 - -3128. Calculate the greatest common divisor of i and w.
14
Let i(c) = c**3 + 8*c**2 + 8*c + 10. Suppose -10 = 2*t - 2*v, -5*v = t + 3*t + 29. Let z be i(t). What is the greatest common factor of z and 272?
34
Let x be (-5)/(35/4) - 48032/(-266). Calculate the highest common factor of 270 and x.
90
Let y be 128 - (7 - 4) - 6. What is the greatest common factor of y and 14?
7
Let h = -1124 - -1925. Calculate the greatest common divisor of 89 and h.
89
Suppose 20 = -62*b + 67*b. Suppose 63 = b*y + x, -5*y - 2*x + 0*x = -78. Calculate the highest common factor of y and 12.
4
Let p be (50/20)/(2/12). Suppose n = 2*n - 45. Suppose 0 = -3*w - 0*w + n. What is the highest common factor of p and w?
15
Let t = 136 + -133. Let a be (3/(-2))/((-1)/30*t). Calculate the highest common divisor of a and 30.
15
Suppose 0 = -5*o + 5*p + 5 + 5, -3*o = p + 2. Suppose o = 4*y + 2 - 22. Calculate the greatest common factor of 55 and y.
5
Let h(g) = g**3 - 5*g**2 + 10*g - 3. Suppose 2*u = -u - 5*n - 3, -4*u + 25 = -3*n. Let l be h(u). What is the highest common factor of 14 and l?
7
Let y(v) = 2*v - 20. Let h be y(12). Suppose 5*w = 4*a - 36, -5*a + 0 = h*w - 4. What is the greatest common divisor of a and 20?
4
Suppose -10*v + 28 = -2. Let d(u) = u**2 + 10*u + 13. Let s be d(-9). Suppose 32 = s*c - 64. What is the highest common factor of c and v?
3
Let b(z) = z**3 - 10*z**2 - z - 5. Let w be b(10). Let f = -15 - w. Suppose 2*l = -f*l + 18. What is the greatest common divisor of l and 27?
9
Suppose 42 = -7*j + 126. What is the greatest common divisor of j and 28?
4
Suppose -l - 30 = 4*l. Let h(s) = s**3 + 7*s**2 - 3*s - 12. Let n be h(l). What is the greatest common factor of 105 and n?
21
Let q be (-74296)/370*70/(-4). What is the greatest common factor of 14 and q?
14
Let b = -16 + 16. Suppose 3*d = 2*c + 60, b = -3*d - c + 2*c + 57. Calculate the highest common divisor of d and 45.
9
Let i(m) = 2 + 9 - m - 7 + 3*m. Let q be i(7). What is the highest common divisor of 126 and q?
18
Suppose 4*g - 17 = 3*c, -3*g = -2*g - c - 5. Suppose 29 = g*x + 7. Let b be x - (-1)/1*-2. What is the greatest common divisor of 9 and b?
9
Let y(a) = -25*a**3 - a**2 - a - 1. Let k be y(-1). Let h(o) = o**3 + 32*o**2 + 26*o + 37. Let c be h(-31). Calculate the great